
15
What is the remainder when 236 is divided by 40?
36
What is the remainder when 2526 is divided by 16?
14
What is the remainder when 2508 is divided by 1247?
14
Calculate the remainder when 1862 is divided by 929.
4
Calculate the remainder when 327 is divided by 37.
31
Calculate the remainder when 1032 is divided by 123.
48
What is the remainder when 339 is divided by 311?
28
What is the remainder when 4975 is divided by 9?
7
What is the remainder when 1546 is divided by 59?
12
Calculate the remainder when 322 is divided by 10.
2
What is the remainder when 77 is divided by 60?
17
Calculate the remainder when 1674 is divided by 16.
10
What is the remainder when 244 is divided by 12?
4
Calculate the remainder when 1344 is divided by 671.
2
Calculate the remainder when 115 is divided by 30.
25
Calculate the remainder when 4072 is divided by 42.
40
What is the remainder when 2967 is divided by 27?
24
What is the remainder when 78 is divided by 69?
9
What is the remainder when 377 is divided by 27?
26
What is the remainder when 141 is divided by 64?
13
What is the remainder when 482 is divided by 478?
4
What is the remainder when 684 is divided by 173?
165
What is the remainder when 2217 is divided by 37?
34
Calculate the remainder when 273 is divided by 28.
21
Calculate the remainder when 196 is divided by 82.
32
Calculate the remainder when 8687 is divided by 14.
7
Calculate the remainder when 91 is divided by 51.
40
Calculate the remainder when 184 is divided by 17.
14
Calculate the remainder when 22 is divided by 5.
2
Calculate the remainder when 1330 is divided by 18.
16
Calculate the remainder when 104 is divided by 25.
4
What is the remainder when 111 is divided by 13?
7
What is the remainder when 299 is divided by 65?
39
What is the remainder when 16574 is divided by 195?
194
Calculate the remainder when 5630 is divided by 43.
40
Calculate the remainder when 172 is divided by 92.
80
What is the remainder when 1361 is divided by 31?
28
Calculate the remainder when 1187 is divided by 119.
116
What is the remainder when 59 is divided by 33?
26
Calculate the remainder when 916 is divided by 90.
16
What is the remainder when 336 is divided by 13?
11
What is the remainder when 96 is divided by 12?
0
Calculate the remainder when 12064 is divided by 81.
76
What is the remainder when 155 is divided by 55?
45
Calculate the remainder when 495 is divided by 4.
3
Calculate the remainder when 5368 is divided by 41.
38
What is the remainder when 173 is divided by 66?
41
Calculate the remainder when 234 is divided by 14.
10
What is the remainder when 1521 is divided by 11?
3
What is the remainder when 915 is divided by 131?
129
What is the remainder when 2668 is divided by 127?
1
Calculate the remainder when 139 is divided by 66.
7
What is the remainder when 69 is divided by 14?
13
What is the remainder when 6069 is divided by 92?
89
Calculate the remainder when 732 is divided by 9.
3
Calculate the remainder when 241 is divided by 11.
10
Calculate the remainder when 621 is divided by 198.
27
What is the remainder when 178 is divided by 94?
84
What is the remainder when 2273 is divided by 19?
12
What is the remainder when 39 is divided by 20?
19
What is the remainder when 491 is divided by 19?
16
Calculate the remainder when 303 is divided by 32.
15
Calculate the remainder when 405 is divided by 201.
3
Calculate the remainder when 4016 is divided by 134.
130
Calculate the remainder when 121 is divided by 33.
22
What is the remainder when 253 is divided by 20?
13
What is the remainder when 384 is divided by 140?
104
Calculate the remainder when 720 is divided by 137.
35
What is the remainder when 1967 is divided by 1956?
11
What is the remainder when 215 is divided by 44?
39
What is the remainder when 270 is divided by 4?
2
Calculate the remainder when 161 is divided by 26.
5
Calculate the remainder when 152 is divided by 9.
8
What is the remainder when 655 is divided by 22?
17
Calculate the remainder when 39469 is divided by 18.
13
What is the remainder when 85 is divided by 74?
11
Calculate the remainder when 122 is divided by 64.
58
Calculate the remainder when 125 is divided by 37.
14
Calculate the remainder when 5872 is divided by 7.
6
What is the remainder when 147 is divided by 24?
3
Calculate the remainder when 1986 is divided by 4.
2
What is the remainder when 313 is divided by 110?
93
What is the remainder when 274 is divided by 257?
17
Calculate the remainder when 76 is divided by 63.
13
What is the remainder when 23 is divided by 14?
9
Calculate the remainder when 271 is divided by 63.
19
Calculate the remainder when 656 is divided by 182.
110
What is the remainder when 134 is divided by 48?
38
Calculate the remainder when 769 is divided by 111.
103
Calculate the remainder when 379 is divided by 76.
75
Calculate the remainder when 2297 is divided by 20.
17
What is the remainder when 301 is divided by 28?
21
Calculate the remainder when 130 is divided by 19.
16
Calculate the remainder when 53457 is divided by 193.
189
What is the remainder when 23 is divided by 20?
3
What is the remainder when 900 is divided by 296?
12
What is the remainder when 1352 is divided by 17?
9
Calculate the remainder when 955 is divided by 32.
27
Calculate the remainder when 284 is divided by 19.
18
Calculate the remainder when 273 is divided by 269.
4
What is the remainder when 917 is divided by 15?
2
Calculate the remainder when 61 is divided by 24.
13
Calculate the remainder when 1438 is divided by 40.
38
What is the remainder when 96 is divided by 11?
8
What is the remainder when 191 is divided by 143?
48
What is the remainder when 67 is divided by 17?
16
What is the remainder when 13799 is divided by 103?
100
What is the remainder when 244 is divided by 49?
48
Calculate the remainder when 307 is divided by 96.
19
What is the remainder when 142 is divided by 7?
2
What is the remainder when 16534 is divided by 24?
22
Calculate the remainder when 39 is divided by 13.
0
Calculate the remainder when 478 is divided by 30.
28
Calculate the remainder when 142 is divided by 16.
14
Calculate the remainder when 235 is divided by 136.
99
Calculate the remainder when 119 is divided by 108.
11
What is the remainder when 834 is divided by 27?
24
What is the remainder when 1479 is divided by 124?
115
What is the remainder when 479 is divided by 44?
39
Calculate the remainder when 226 is divided by 12.
10
Calculate the remainder when 270 is divided by 69.
63
Calculate the remainder when 113 is divided by 50.
13
What is the remainder when 298 is divided by 43?
40
Calculate the remainder when 442 is divided by 111.
109
Calculate the remainder when 1091 is divided by 15.
11
Calculate the remainder when 118 is divided by 93.
25
Calculate the remainder when 333 is divided by 331.
2
Calculate the remainder when 184 is divided by 26.
2
Calculate the remainder when 68 is divided by 15.
8
Calculate the remainder when 889 is divided by 441.
7
What is the remainder when 623 is divided by 32?
15
Calculate the remainder when 326 is divided by 84.
74
Calculate the remainder when 502 is divided by 30.
22
What is the remainder when 222 is divided by 8?
6
Calculate the remainder when 24 is divided by 7.
3
What is the remainder when 309 is divided by 39?
36
What is the remainder when 66 is divided by 10?
6
What is the remainder when 1767 is divided by 52?
51
Calculate the remainder when 127 is divided by 5.
2
Calculate the remainder when 5375 is divided by 2678.
19
Calculate the remainder when 524 is divided by 80.
44
What is the remainder when 34 is divided by 24?
10
What is the remainder when 235 is divided by 207?
28
Calculate the remainder when 139 is divided by 14.
13
Calculate the remainder when 201 is divided by 7.
5
Calculate the remainder when 664 is divided by 36.
16
Calculate the remainder when 10206 is divided by 29.
27
What is the remainder when 30 is divided by 16?
14
Calculate the remainder when 79 is divided by 2.
1
What is the remainder when 1562 is divided by 175?
162
What is the remainder when 102 is divided by 33?
3
Calculate the remainder when 238 is divided by 60.
58
Calculate the remainder when 922 is divided by 22.
20
What is the remainder when 109 is divided by 27?
1
